1329 composite?
False
Is 1514229367 a prime number?
False
Is 10968921443 prime?
True
Is 1907987407 a composite number?
False
Is 9389971387 composite?
False
Is 18033450781 composite?
True
Is 21908496413 prime?
True
Is 304155359 prime?
True
Is 36426134711 a composite number?
True
Is 3092781611 a prime number?
True
Is 10853133197 a prime number?
False
Is 19637007787 prime?
True
Is 1116857123 a composite number?
False
Is 1460318747 a prime number?
True
Is 178624519 a composite number?
False
Is 774264599 a composite number?
True
Is 23081862955 prime?
False
Is 1065943561 composite?
False
Is 550360879 prime?
True
Is 4835502871 prime?
True
Is 2217583073 a prime number?
False
Is 47779151843 a composite number?
True
Is 1094246159 prime?
True
Is 836503049 prime?
True
Is 3749433059 composite?
True
Is 7117683959 a prime number?
False
Is 15200935 composite?
True
Is 19736208077 a prime number?
False
Is 1425766751 a composite number?
True
Is 4330569553 a prime number?
False
Is 60791165231 composite?
False
Is 2616047309 a prime number?
False
Is 820785421 a composite number?
False
Is 182353081 composite?
False
Is 1256048501 composite?
True
Is 62332067969 a prime number?
True
Is 9608660041 prime?
True
Is 5234597785 composite?
True
Is 92345571821 prime?
True
Is 428087717 composite?
False
Is 229606231 a composite number?
False
Is 375580859711 a prime number?
False
Is 961752877 composite?
True
Is 6973520161 a prime number?
True
Is 11588319209 prime?
True
Is 4013083 composite?
True
Is 868231111 a composite number?
True
Is 33881226517 composite?
True
Is 14580436439 a composite number?
False
Is 9025799971 a composite number?
False
Is 2250451427 prime?
False
Is 7905153689 composite?
True
Is 859170197 composite?
False
Is 77072829709 a prime number?
True
Is 3720374171 a prime number?
True
Is 961756223 a composite number?
False
Is 32854193417 a prime number?
True
Is 10204267379 prime?
True
Is 1931867491 a prime number?
True
Is 58615381 a prime number?
False
Is 346425941 a prime number?
False
Is 314082287 prime?
True
Is 570845357 prime?
True
Is 147667231 composite?
True
Is 3622468231 a composite number?
False
Is 26325431827 a prime number?
True
Is 1281325181 a composite number?
False
Is 2741423891 a prime number?
True
Is 477069535 composite?
True
Is 64901093713 a prime number?
True
Is 468998077 a prime number?
True
Is 42033721 prime?
False
Is 218716126243 prime?
False
Is 78557891791 composite?
False
Is 5014623287 composite?
True
Is 435031723913 a prime number?
False
Is 6368743441 prime?
True
Is 1213202149 a composite number?
False
Is 1059378479 a composite number?
False
Is 1362665 composite?
True
Is 10556431451 composite?
False
Is 16972126063 a composite number?
False
Is 33297601 prime?
True
Is 664331 a composite number?
False
Is 649323403 prime?
False
Is 767021287 composite?
True
Is 16269014063 composite?
False
Is 1829916877 composite?
True
Is 3885329159 a composite number?
False
Is 1971242059 a composite number?
False
Is 10218258565 a composite number?
True
Is 122512110041 prime?
False
Is 55099442471 a prime number?
True
Is 35388791327 a composite number?
False
Is 43644479 a composite number?
False
Is 2152721627 a composite number?
True
Is 132813990409 prime?
False
Is 353380832627 a composite number?
False
Is 43689240527 a prime number?
False
Is 52600934861 a prime number?
True
Is 6087045697 composite?
False
Is 22934411147 a composite number?
True
Is 27636014327 composite?
False
Is 4136608279 composite?
False
Is 6486518501 a prime number?
False
Is 29771590099 prime?
True
Is 2791930147 a prime number?
True
Is 7994766281 composite?
True
Is 164424101 composite?
True
Is 115820347 a prime number?
True
Is 16325003207 prime?
False
Is 91857095039 prime?
True
Is 1300319617 prime?
False
Is 188023042 a prime number?
False
Is 434301793 prime?
False
Is 33490693 a composite number?
False
Is 585791657 composite?
True
Is 2256428263 prime?
False
Is 8648755954 a prime number?
False
Is 52299092977 composite?
True
Is 62142359 a composite number?
False
Is 11258516257 composite?
True
Is 21054872191 a composite number?
True
Is 6907576223 a composite number?
True
Is 6566359231 a composite number?
False
Is 6981968189 a composite number?
True
Is 4495938427 a composite number?
True
Is 578704439 a composite number?
False
Is 376904859 a composite number?
True
Is 285559147 a composite number?
True
Is 32455544369 a prime number?
False
Is 359532493 composite?
False
Is 354264649 prime?
False
Is 81694610597 prime?
False
Is 156076327243 composite?
True
Is 218985043 a prime number?
False
Is 2215759015 prime?
False
Is 193685560067 a composite number?
False
Is 2630525663 a composite number?
True
Is 1349035937 a composite number?
True
Is 77971903897 a composite number?
False
Is 434641841719 a composite number?
False
Is 8828604583 a prime number?
True
Is 5975974903 prime?
False
Is 1658570141 prime?
True
Is 5884139143 prime?
True
Is 32327373781 prime?
True
Is 7237868191 a prime number?
False
Is 518169677 a prime number?
True
Is 7039446851 composite?
False
Is 883654693 a prime number?
True
Is 2734154273 composite?
True
Is 72028471783 prime?
True
Is 1890131073 a composite number?
True
Is 14857 composite?
True
Is 1840268585 composite?
True
Is 147407982167 a prime number?
False
Is 1519159373 a composite number?
False
Is 413908879 composite?
False
Is 42062521 composite?
False
Is 4713100351 a prime number?
True
Is 244146965 composite?
True
Is 440265401 a prime number?
False
Is 7992643867 prime?
False
Is 54675211837 a composite number?
False
Is 58654521287 composite?
False
Is 13798143259 a prime number?
False
Is 8030767781 prime?
False
Is 76449182231 prime?
True
Is 2305198421 prime?
False
Is 11421001 a composite number?
True
Is 102835595263 composite?
False
Is 84514597753 prime?
True
Is 2957112049 a composite number?
True
Is 58918697 a composite number?
False
Is 133096746841 a prime number?
False
Is 11264664947 a composite number?
True
Is 2450830139 composite?
False
Is 1673949041 prime?
True
Is 15813856763 a composite number?
True
Is 33050997769 a composite number?
True
Is 3130786201 a prime number?
True
Is 2295354653 composite?
False
Is 1908456145 composite?
True
Is 79105201 a composite number?
True
Is 8403945163 a composite number?
False
Is 378636407 a composite number?
False
Is 41018559719 a prime number?
True
Is 1593516949 a composite number?
False
Is 38450487379 a composite number?
True
Is 373399097 a composite number?
False
Is 1077378343 composite?
False
Is 9596740477 a composite number?
True
Is 2077617811 a composite number?
False
Is 1844787911 a prime number?
False
Is 552135833 composite?
True
Is 12177761467 a composite number?
False
Is 14254263033 prime?
False
Is 16059230903 a composite number?
False
Is 979890029 prime?
True
Is 985590077 prime?
True
Is 37982960239 prime?
False
Is 1437519563 composite?
True
Is 31955159 a prime number?
False
Is 86643686347 a composite number?
True
Is 34196680261 prime?
True
Is 36055003 composite?
False
Is 382000919 a composite number?
True
Is 133570303327 a composite number?
True
Is 11452049663 prime?
True
Is 12826031389 a prime number?
False
Is 8221891 prime?
True
Is 11669242681 a composite number?
False
Is 210473071 prime?
True
Is 8765460853 a prime number?
True
Is 11825313821 a composite number?
False
Is 42694213 a composite number?
False
Is 35081821829 composite?
False
Is 7901558855 a prime number?
False
Is 1194528167 a composite number?
True
Is 15798551339 composite?
False
Is 9417536231 a prime number?
False
Is 6035630695 prime?
False
Is 2189338373 prime?
False
Is 66306683507 a prime number?
True
Is 43097179 prime?
True
Is 5689766503 composite?
True
Is 309111637 a composite number?
True
Is 2464876067 a composite number?
False
Is 573456253 composite?
True
Is 85641467 a prime number?
True
Is 77214446449 a prime number?
False
Is 3118008653 a composite number?
True
Is 284415181 composite?
True
Is 385440719 a composite number?
True
Is 5871140477 prime?
False
Is 25204636649 composite?
True
Is 218385580987 composite?
True
Is 12260643379 prime?
True
Is 1155147727 a prime number?
True
Is 234315979 composite?
False
Is 9901709767 a prime number?
True
Is 48016821161 a prime number?
False
Is 689046361 prime?
False
Is 1059257897 a composite number?
False
Is 30711145943 composite?
F